{"id":65,"date":"2023-02-23T20:36:19","date_gmt":"2023-02-23T20:36:19","guid":{"rendered":"https:\/\/lepetitpatisserie.at\/?page_id=65"},"modified":"2024-10-16T18:10:30","modified_gmt":"2024-10-16T18:10:30","slug":"about","status":"publish","type":"page","link":"https:\/\/lepetitpatisserie.at\/?page_id=65","title":{"rendered":"\u00dcber mich"},"content":{"rendered":"\n<p class=\"has-medium-font-size\">Ich bin gelernte Gastronomiefachfrau, w\u00e4hrend meiner Lehrzeit konnte ich Erfahrung in Irland in einer Patisserie sammeln, wo ich auch meine Leidenschaft f\u00fcr kleine feine T\u00f6rtchen entdeckt habe.<br><br>Nach meiner Lehrabschlusspr\u00fcfung habe ich beschlossen die Ausbildung zur Franz\u00f6sischen Patissiere zu machen, anschlie\u00dfend die Ausbildung zum Konditor im zweiten Bildungsweg in Graz und zu guterletzt die Meisterpr\u00fcfung. <br><br>Seit M\u00e4rz 2021 darf ich mich stolze Konditormeisterin nennen.<br><br>Und so erf\u00fclle ich mir nun meinen Traum vom eigenen Unternehmen mit meiner kleinen<br>P\u00e2tisserie in meinem Heimatort Reichenau an der Rax.<br><br><strong>Warum ich?<br><\/strong>Bei der Gestaltung Ihrer Torte ist Ihnen nahezu keine Grenze gesetzt am besten sie kontaktieren mich einfach telefonisch um weitere Details zu besprechen.<\/p>\n","protected":false},"excerpt":{"rendered":"<p>Ich bin gelernte Gastronomiefachfrau, w\u00e4hrend meiner Lehrzeit konnte ich Erfahrung in Irland in einer Patisserie sammeln, wo ich auch meine Leidenschaft f\u00fcr kleine feine T\u00f6rtchen entdeckt habe. Nach meiner Lehrabschlusspr\u00fcfung habe ich beschlossen die Ausbildung zur Franz\u00f6sischen Patissiere zu machen, anschlie\u00dfend die Ausbildung zum Konditor im zweiten Bildungsweg in Graz und zu guterletzt die Meisterpr\u00fcfung. &hellip; <\/p>\n","protected":false},"author":3,"featured_media":283,"parent":0,"menu_order":0,"comment_status":"closed","ping_status":"closed","template":"templates\/template-about.php","meta":{"footnotes":""},"class_list":["post-65","page","type-page","status-publish","has-post-thumbnail","hentry","latest_post"],"_links":{"self":[{"href":"https:\/\/lepetitpatisserie.at\/index.php?rest_route=\/wp\/v2\/pages\/65","targetHints":{"allow":["GET"]}}],"collection":[{"href":"https:\/\/lepetitpatisserie.at\/index.php?rest_route=\/wp\/v2\/pages"}],"about":[{"href":"https:\/\/lepetitpatisserie.at\/index.php?rest_route=\/wp\/v2\/types\/page"}],"author":[{"embeddable":true,"href":"https:\/\/lepetitpatisserie.at\/index.php?rest_route=\/wp\/v2\/users\/3"}],"replies":[{"embeddable":true,"href":"https:\/\/lepetitpatisserie.at\/index.php?rest_route=%2Fwp%2Fv2%2Fcomments&post=65"}],"version-history":[{"count":5,"href":"https:\/\/lepetitpatisserie.at\/index.php?rest_route=\/wp\/v2\/pages\/65\/revisions"}],"predecessor-version":[{"id":118,"href":"https:\/\/lepetitpatisserie.at\/index.php?rest_route=\/wp\/v2\/pages\/65\/revisions\/118"}],"wp:featuredmedia":[{"embeddable":true,"href":"https:\/\/lepetitpatisserie.at\/index.php?rest_route=\/wp\/v2\/media\/283"}],"wp:attachment":[{"href":"https:\/\/lepetitpatisserie.at\/index.php?rest_route=%2Fwp%2Fv2%2Fmedia&parent=65"}],"curies":[{"name":"wp","href":"https:\/\/api.w.org\/{rel}","templated":true}]}}